er when i(0) is divided by f?
9
Suppose -37 = 4*w + w - 3*k, -5 = w - 3*k. Let m = 11 - w. What is the remainder when 75 is divided by m?
18
Let s(g) be the first derivative of g**2/2 - 6. Let m = 13 + -1. What is the remainder when 23 is divided by s(m)?
11
Let n(s) = -s**2 + 4. Let j be n(5). Let u = j + 40. What is the remainder when u is divided by (-40)/(-6)*12/8?
9
Suppose 0 = -9*n + 18 + 9. What is the remainder when 6 is divided by n?
0
Suppose 65 + 49 = 6*j. Calculate the remainder when 39 is divided by j.
1
Suppose 2*p - 22 = -2. Suppose -z + 7 = 4*j - p, 5*j = 2*z - 8. What is the remainder when 24 is divided by z?
6
Let c be (0 + 13)*(-1)/(-1). Suppose 0 = -6*y + y + 125. Calculate the remainder when y is divided by 2 - 1 - (0 - c).
11
Suppose -2*y + 4*b - b + 46 = 0, 5*b + 125 = 5*y. Let k = 139 - 26. What is the remainder when k is divided by y?
26
Suppose 2549*d - 2540*d = 972. Calculate the remainder when d is divided by 16.
12
Let l(s) = -2*s**3 + 11 - 1 + s**3 - 7*s**2 - 7*s + 2. What is the remainder when l(-6) is divided by 7?
4
Suppose -82*c + 77*c + 90 = 0. Calculate the remainder when 45/4*48/c is divided by 18.
12
Let v(f) = -f**2 + f. Let i = -4 + 4. Let w be v(i). Suppose w = -n - n + 82. Calculate the remainder when n is divided by 14.
13
Suppose -4*u = -2*j - 142, 0*u = 3*u - 2*j - 105. Suppose 6*v = 59 + u. Calculate the remainder when 45 is divided by v.
13
Let u(w) = w**3 + 11*w**2 + 11*w + 12. Let n be u(-10). Suppose -9 = -n*y + 3. Let f = 8 - -3. Calculate the remainder when f is divided by y.
5
Suppose -7*j + 19 + 37 = 0. Suppose -j*q + 1957 = 11*q. Calculate the remainder when q is divided by 26.
25
Let b be (-73)/(2 - 4 - -1). Let r = b + -70. What is the remainder when r is divided by 1?
0
Let h be (-172)/(-10)*(3 - -4 - 2). Suppose -74 = -4*v + 2*n, -h = -v - 3*v - 2*n. What is the remainder when v is divided by 6?
2
Suppose 12*g + 1035 = 17*g. Let a(p) = 33*p - 1. Let j be a(1). Suppose -5*s - j = -g. What is the remainder when s is divided by 9?
8
Suppose 5*h - 26 = -5*p + 74, 4*h - 102 = -5*p. Let j = 245 - 188. Calculate the remainder when j is divided by p.
13
Let q(w) = -w**2 - 13*w - 6. Let u(a) = -a**3 + 9*a**2 + 25*a + 8. Calculate the remainder when u(11) is divided by q(-11).
9
Suppose -5*b - 4 + 59 = 0. Calculate the remainder when 40 is divided by b.
7
Let g(i) = -11*i + 130. Calculate the remainder when 76 is divided by g(9).
14
Let x(b) = -12*b + 5. Calculate the remainder when x(-9) is divided by 23.
21
Let l(m) = m + 3. Let g(t) = 2*t + 2. Let x be g(3). Let i = x + -3. What is the remainder when 38 is divided by l(i)?
6
Let u(y) = 4*y**2 + y + 1. Suppose 3*m - 1 = 2*m. Calculate the remainder when u(-1) is divided by (-14)/7 - -3*m.
0
Let u(m) = -1 - 20*m + 30*m + 31*m - 2. What is the remainder when u(1) is divided by 11?
5
Suppose -5*s + 8 = 3. Suppose -2*d - o = -3*o + 2, 0 = o - 3. What is the remainder when d is divided by s?
0
Let w(g) = -g**2 + 11*g + 5. Let u be w(8). Let l = u - 1. Let m = 22 - 16. Calculate the remainder when l is divided by m.
4
Suppose -5*i + 4*h = -67, 28*i - 25*i - 37 = 4*h. Calculate the remainder when 566 is divided by i.
11
Suppose -48*n - 290 = -53*n. What is the remainder when n is divided by 12?
10
Let t be (-1 - -9)*(-3)/(-6). Suppose 0 = t*d + 25 - 125. What is the remainder when 180/d*(-20)/(-6) is divided by 9?
6
Let m(r) = -2*r - 2. Calculate the remainder when (4 - 2)/((-27)/(-24) + -1) is divided by m(-4).
4
Let r(y) = 82*y - 83*y - 2*y**2 - 10 + 1 + 3*y**2. Calculate the remainder when 76 is divided by r(5).
10
Let c = -20 + 24. Suppose -c*v + 401 = -175. What is the remainder when v is divided by 29?
28
Let n be 0 - (1 + -3 - 2). Suppose -3*c + n*c = -2*q + 29, -5*c - 4*q + 115 = 0. What is the remainder when 33 is divided by c?
14
Suppose 2*m - j + 7 = 267, 0 = 4*m - 4*j - 516. What is the remainder when 303 is divided by m?
41
Let q = 101 - 58. Let x = -30 + q. Calculate the remainder when 77 is divided by x.
12
Suppose -256*t = -202*t - 594. What is the remainder when 108 is divided by t?
9
Let j(h) = -14*h + 7. Let f = 4 + 4. Suppose 0 = z + f + 1. What is the remainder when j(z) is divided by 34?
31
Suppose g - a = -0*a + 4, 2*g - a = 8. Let n be (-1)/(-1*3/6). What is the remainder when 28 is divided by 11 + n*g/(-8)?
8
Let x = -3 + 3. Suppose -2*q + 2*j = -28 + 8, -5*q + 4*j + 47 = x. Suppose 0 = -l + 2, 2*y - q = -5*l + 25. What is the remainder when 30 is divided by y?
8
Suppose k = -2*k - 5*a + 131, a = k - 41. Calculate the remainder when k is divided by 27.
15
Suppose 3*d - 1316 = 4*p, -5*d + 2*p = 6*p - 2236. Let n be (1/(-2))/((-3)/d). Let j = n + -46. Calculate the remainder when 82 is divided by j.
26
Suppose -44 = b + 55. Let w = b - -159. Let i = w - 37. What is the remainder when i is divided by 6?
5
Suppose -2*f - 3*b - 58 + 286 = 0, 0 = -3*f - 2*b + 332. Let g = f - 27. Calculate the remainder when g is divided by 21.
18
Let n = -452 - -505. Calculate the remainder when 158 is divided by n.
52
Let h(v) = -2*v**3 - 2*v**2 + 4*v + 5. Let i be h(-4). Suppose i = -q + 6*q. What is the remainder when 64 is divided by q?
13
Let x = 565 + -525. Calculate the remainder when 312 is divided by x.
32
Calculate the remainder when 291 is divided by 150 + (4 - 8) + -1*5.
9
Suppose 277 = 2*v - 835. What is the remainder when v is divided by 62?
60
Suppose -2*w + 7 = y - 3*w, 2*w = 0. What is the remainder when 23 is divided by y?
2
Suppose 0 = 5*d - 4*r - 517, 0*d - 205 = -2*d + r. Let k = -182 + 203. Calculate the remainder when d is divided by k.
17
Let z(d) = 63*d**2 + 2*d - 1. What is the remainder when 1590/14 + 11 - 8/14 is divided by z(1)?
60
Let m = -6 + 9. Suppose -2*d + 14 = -m*g - 11, -d = -5*g - 30. What is the remainder when 39 is divided by d?
4
Let r(b) = b**2 - 18*b + 2. Let x be r(18). Suppose 0 = -x*k + a + 1, 3*k + 13 = -4*a + 42. Let q = -2 - -3. What is the remainder when k is divided by q?
0
Suppose -j = j - 266. Suppose 15*q - 1405 = -730. Calculate the remainder when j is divided by q.
43
Suppose 7*a - 210 = 280. Calculate the remainder when a is divided by (2 + 0)/2*24.
22
Let c be (-4)/20*1 - 6/(-5). What is the remainder when 16 is divided by (10 - c)/(9/9)?
7
Let l = -153 + 89. Let k = l - -75. Calculate the remainder when 108 is divided by k.
9
Suppose 5*j - i = -12, 0 = 4*i + 12 - 0. Calculate the remainder when 229 is divided by (198/12)/(3/(-18)*j).
31
Suppose 0 = 2*u - 5*c - 483, -6*u + 9*u = -c + 716. What is the remainder when u is divided by 49?
43
Calculate the remainder when (5/15 - -5)*(-2 - -38) is divided by 15.
12
Suppose q = -4*j - 3, -3*j + 3*q + 9 = -0*q. Let a be (85/(-51))/((-1)/3). Suppose j = -a*i + 42 + 103. Calculate the remainder when 56 is divided by i.
27
Suppose -6*u - 12*u + 1260 = 0. Let w(z) = z**3 - 9*z**2 + 10*z - 10. Calculate the remainder when u is divided by w(8).
4
Suppose -5*w + 3*r + r + 744 = 0, -4*r = -4*w + 592. Suppose 2*v - 5*o = w, o = -o. What is the remainder when v is divided by 39?
37
Let f(o) = -o**2 - 7*o - 1. Let k = 23 - 20. Suppose -2*a - y - 167 = -7*a, a - k*y = 25. What is the remainder when a is divided by f(-5)?
7
Suppose 2*m + t = 5*t + 22, m = 5*t + 2. Let y = m + 5. Let a = 115 + -103. Calculate the remainder when y is divided by a.
10
Let t = 912 - 863. What is the remainder when 194 is divided by t?
47
Suppose -3*u = -229 + 85. What is the remainder when 93 is divided by u?
45
Let u be -1 + 4 + (-10 - 0). Let i be (u/4)/((-2)/32). What is the remainder when ((-21)/i)/((-1)/40) is divided by 16?
14
Let r(a) = 4*a - 5. Let w(j) = j + 1. Let o(t) = 2*t. Let i(b) = -o(b) + w(b). Let n(x) = -3*i(x) - r(x). What is the remainder when 16 is divided by n(-4)?
4
Suppose 0 = 2*y - 2*n - 118, -3*y + 177 = 9*n - 7*n. What is the remainder when y is divided by 20?
19
Suppose 0 = u + 48 - 182. Calculate the remainder when 2/10 + u/5 is divided by 15.
12
Let h = -6 - -9. Let p(v) = v**2 - 2*v + 2. Let g be p(h). Let k(s) = 2*s**2 - 2*s - 4. What is the remainder when k(g) is divided by 19?
17
Let i = -36 + 1. Let x = i - -73. Let w = -27 + x. Calculate the remainder when 20 is divided by w.
9
Let c(r) = -18*r**3 - r**2 + 32*r + 33. Let g(h) = -6*h - 1. Let